{"id":10252,"date":"2023-08-12T15:52:47","date_gmt":"2023-08-12T18:52:47","guid":{"rendered":"https:\/\/grupomatulateatro.com\/?page_id=10252"},"modified":"2026-02-05T10:37:29","modified_gmt":"2026-02-05T13:37:29","slug":"tanamesa","status":"publish","type":"page","link":"https:\/\/grupomatulateatro.com\/es\/tanamesa\/","title":{"rendered":"T\u00e1 na Mesa"},"content":{"rendered":"<div id=\"fws_69f22ad60a136\" class=\"wpb_row vc_row vc_row-fluid  animate_onoffset row-dynamic-el standard_section    normal\"  style=\"background-color: #ffffff; \"><div  style=\"position: absolute;top: 0;\"><\/div><div class=\"container  dark\"><div class=\"section_clear\"><div class=\"wpb_column column_container wpb_column vc_column_container vc_col-sm-12\"><div class=\"vc_column-inner\"  style=\"\" data-animation=\"none\" data-delay=\"\"><div class=\"wpb_wrapper\"><div class=\"wpb_content_element block_title section_title inner-square\"><span class=\"divider\"><span class=\"line\"><\/span><\/span><h1>MATERIAL DE DIVULGACI\u00d3N<\/h1><p style=\"padding:0 ;\">T\u00e1 na Mesa, o novo espet\u00e1culo do Grupo Matula Teatro, desloca a mesa de seu lugar tradicional, refletindo sobre o ato de comer ao longo dos tempos. A trama, que parte do olhar feminino, expande as quest\u00f5es de g\u00eanero, abordando as formas de produ\u00e7\u00e3o do alimento, a sobrecarga da terra, o desperd\u00edcio, as desigualdades sociais, ao mesmo tempo que dividem espa\u00e7o com o prazer de se alimentar, as receitas, os temperos e as mem\u00f3rias afetivas.<\/p><\/div>\n\t<div class=\"wpb_text_column wpb_content_element\">\n\t\t<div class=\"wpb_wrapper\">\n\t\t\t<p style=\"text-align: center;\">Pensada para espa\u00e7os alternativos, a pe\u00e7a tem uma estrutura de diversas cenas que, de forma divertida e po\u00e9tica, buscam se comunicar tanto com os transeuntes interessados, quanto com as fam\u00edlias e p\u00fablico especializado. Essa comunica\u00e7\u00e3o tamb\u00e9m \u00e9 facilitada pelo cen\u00e1rio que foi constru\u00eddo a partir de objetos de cozinha que ganham fun\u00e7\u00f5es variadas e se ressignificam ao longo dos quadros. A trilha sonora refor\u00e7a essa diversidade de ambientes e colabora na materialidade de imagens invis\u00edveis, transitando entre delicadeza e comicidade.<\/p>\n<p style=\"text-align: center;\">Em sua jornada, a protagonista Luzia passeia por um tempo\/espa\u00e7o l\u00fadico presenciando diversas situa\u00e7\u00f5es \u00e0 mesa at\u00e9 encontrar a fome: diante da fome, Luzia p\u00e1ra. O aumento da fome e da inseguran\u00e7a alimentar no Brasil tornaram urgente olhar para os processos que envolvem a trajet\u00f3ria do alimento e nos levam \u00e0 quest\u00e3o que motivou o trabalho: &#8220;Afinal, o que est\u00e1 na mesa?&#8221;<\/p>\n\n\t\t<\/div> \n\t<\/div> <\/div><\/div><\/div><\/div><\/div><\/div><div id=\"fws_69f22ad60b9da\" class=\"wpb_row vc_row vc_row-fluid  animate_onoffset row-dynamic-el section-style  .novo  normal\"  style=\"background-image: url(https:\/\/grupomatulateatro.com\/wp-content\/uploads\/2023\/08\/cabecalho04-1.png); background-position: left top; background-repeat: no-repeat; background-size: cover; \"><div id=\".novo\" style=\"position: absolute;top: 0;\"><\/div><div class=\"container  dark\"><div class=\"section_clear\"><div class=\"wpb_column column_container wpb_column vc_column_container vc_col-sm-12\"><div class=\"vc_column-inner vc_custom_1691866191015\"  style=\"\" data-animation=\"none\" data-delay=\"\"><div class=\"wpb_wrapper\"><div class=\"vc_empty_space\"   style=\"height: 500px\"><span class=\"vc_empty_space_inner\"><\/span><\/div><\/div><\/div><\/div><\/div><\/div><\/div><div id=\"fws_69f22ad60c30b\" class=\"wpb_row vc_row vc_row-fluid  animate_onoffset row-dynamic-el standard_section    normal\"  style=\"background-color: #a06995; padding-top: 50px ; padding-bottom: 30px ; \"><div  style=\"position: absolute;top: 0;\"><\/div><div class=\"container  dark\"><div class=\"section_clear\"><div class=\"wpb_column column_container wpb_column vc_column_container vc_col-sm-6\"><div class=\"vc_column-inner\"  style=\" color: #ffffff;\" data-animation=\"none\" data-delay=\"\"><div class=\"wpb_wrapper\">\n\t<div class=\"wpb_text_column wpb_content_element\">\n\t\t<div class=\"wpb_wrapper\">\n\t\t\t<p style=\"text-align: justify;\">SINOPSIS<\/p>\n<p style=\"text-align: justify;\">T\u00e1 na Mesa traz a trajet\u00f3ria de Luzia que, inspirada por um sonho, sai de casa para observar os costumes \u00e0 mesa. Em seu percurso &#8211; que pode durar s\u00e9culos ou apenas um dia &#8211; ela passa por diversas situa\u00e7\u00f5es que evidenciam os processos que envolvem o ato de se alimentar: quest\u00f5es sociais, pol\u00edticas, qualidade e origem dos alimentos.<\/p>\n\n\t\t<\/div> \n\t<\/div> <\/div><\/div><\/div><div class=\"wpb_column column_container wpb_column vc_column_container vc_col-sm-3\"><div class=\"vc_column-inner\"  style=\" color: #ffffff;\" data-animation=\"none\" data-delay=\"\"><div class=\"wpb_wrapper\">\n\t<div class=\"wpb_text_column wpb_content_element\">\n\t\t<div class=\"wpb_wrapper\">\n\t\t\t<p>ESPECIFICACIONES T\u00c9CNICAS<\/p>\n<p>Int\u00e9rpretes: Alice Possani y Erika Cunha<\/p>\n<p>Dire\u00e7\u00e3o e dramaturgia: Isis Madi<\/p>\n<p>Dire\u00e7\u00e3o de arte: Erika Cunha<\/p>\n<p>Trilha Sonora: Esteban Alvarez<\/p>\n<p>Opera\u00e7\u00e3o de Som: Ma\u00edra Prates<\/p>\n<p>Cenografia e adere\u00e7os: \u00c9rico Daminelli<\/p>\n\n\t\t<\/div> \n\t<\/div> <\/div><\/div><\/div><div class=\"wpb_column column_container wpb_column vc_column_container vc_col-sm-3\"><div class=\"vc_column-inner\"  style=\" color: #ffffff;\" data-animation=\"none\" data-delay=\"\"><div class=\"wpb_wrapper\">\n\t<div class=\"wpb_text_column wpb_content_element\">\n\t\t<div class=\"wpb_wrapper\">\n\t\t\t<p>Figurino: Anna Kuhll e Erika Cunha<\/p>\n<p>Identidade Visual: Maur\u00edcio Oliveira<\/p>\n<p>Capta\u00e7\u00e3o de imagem e edi\u00e7\u00e3o: Gabi Perissinotto, Marcel Vecchia e Dalton Yatanabe<\/p>\n<p>Produ\u00e7\u00e3o Audiovisual: Gama Audiovisual<\/p>\n<p>Idealiza\u00e7\u00e3o, produ\u00e7\u00e3o e realiza\u00e7\u00e3o: Grupo Matula Teatro<\/p>\n<p>Colabora\u00e7\u00f5es art\u00edsticas: Dudu Ferraz, P\u00e2mela Vilanova, Carolina Baraglio, Arturo Cussen, Aline Barbosa.<\/p>\n\n\t\t<\/div> \n\t<\/div> <\/div><\/div><\/div><\/div><\/div><\/div><div id=\"fws_69f22ad60d2e4\" class=\"wpb_row vc_row vc_row-fluid  animate_onoffset row-dynamic-el standard_section    normal\"  style=\"\"><div  style=\"position: absolute;top: 0;\"><\/div><div class=\"container  dark\"><div class=\"section_clear\"><div class=\"wpb_column column_container centered_col wpb_column vc_column_container vc_col-sm-12\"><div class=\"vc_column-inner\"  style=\"\" data-animation=\"none\" data-delay=\"\"><div class=\"wpb_wrapper\">\n<div class=\"vc_grid-container-wrapper vc_clearfix vc_grid-animation-fadeIn\">\n\t<div class=\"vc_grid-container vc_clearfix wpb_content_element vc_media_grid\" data-initial-loading-animation=\"fadeIn\" data-vc-grid-settings=\"{&quot;page_id&quot;:10252,&quot;style&quot;:&quot;all&quot;,&quot;action&quot;:&quot;vc_get_vc_grid_data&quot;,&quot;shortcode_id&quot;:&quot;1770298588473-3136d6e1-2791-9&quot;,&quot;tag&quot;:&quot;vc_media_grid&quot;}\" data-vc-request=\"https:\/\/grupomatulateatro.com\/wp-admin\/admin-ajax.php\" data-vc-post-id=\"10252\" data-vc-public-nonce=\"7f4663c533\">\n\t\t\n\t<\/div>\n<\/div><\/div><\/div><\/div><\/div><\/div><\/div><div id=\"fws_69f22ad60e063\" class=\"wpb_row vc_row vc_row-fluid  animate_onoffset row-dynamic-el standard_section    normal\"  style=\"\"><div  style=\"position: absolute;top: 0;\"><\/div><div class=\"container  dark\"><div class=\"section_clear\"><div class=\"wpb_column column_container wpb_column vc_column_container vc_col-sm-12\"><div class=\"vc_column-inner\"  style=\"\" data-animation=\"none\" data-delay=\"\"><div class=\"wpb_wrapper\">\n\t<div class=\"wpb_text_column wpb_content_element\">\n\t\t<div class=\"wpb_wrapper\">\n\t\t\t<h2 style=\"text-align: center;\">T\u00e1 na Mesa<\/h2>\n<p style=\"text-align: center;\">Espet\u00e1culo para espa\u00e7o alternativo\/rua do Grupo Matula Teatro. Com dire\u00e7\u00e3o e dramaturgia in\u00e9dita de \u00cdsis Madi e trilha sonora original de Esteban Alvarez, estreou em julho de 2023, na Arena do Sesc Campinas.<\/p>\n\n\t\t<\/div> \n\t<\/div> \n\t<div class=\"wpb_text_column wpb_content_element\">\n\t\t<div class=\"wpb_wrapper\">\n\t\t\t<h2 style=\"text-align: center;\">Sobre \u00cdsis Madi, diretora e dramaturga<\/h2>\n<p style=\"text-align: center;\">Isis Madi &#8211; atriz, contadora de hist\u00f3rias e arte educadora, se interessa pela constru\u00e7\u00e3o da narrativa em cena desde sua forma\u00e7\u00e3o. Bacharel em Artes C\u00eanicas pela Unicamp, se especializou em Narra\u00e7\u00e3o de Hist\u00f3rias pela Casa Tombada e \u00e9 mestranda da Faculdade de Educa\u00e7\u00e3o da Usp.<\/p>\n<p style=\"text-align: center;\">\u00c9 criadora de interven\u00e7\u00f5es c\u00eanicas e pe\u00e7as de teatro, entre as quais est\u00e3o: Do Barro de Manoel, inspirada no universo de Manoel de Barros; Ana-me, inspirado em Clarice Lispector, Celebra\u00e7\u00e3o da Realidade, em Eduardo Galeano; al\u00e9m de Contos de Papel e diversas narra\u00e7\u00f5es de Hist\u00f3ria.<\/p>\n\n\t\t<\/div> \n\t<\/div> <\/div><\/div><\/div><\/div><\/div><\/div><div id=\"fws_69f22ad60e84f\" class=\"wpb_row vc_row vc_row-fluid  animate_onoffset row-dynamic-el standard_section    normal\"  style=\"\"><div  style=\"position: absolute;top: 0;\"><\/div><div class=\"container  dark\"><div class=\"section_clear\"><div class=\"wpb_column column_container wpb_column vc_column_container vc_col-sm-2\"><div class=\"vc_column-inner\"  style=\"\" data-animation=\"none\" data-delay=\"\"><div class=\"wpb_wrapper\"><\/div><\/div><\/div><div class=\"wpb_column column_container wpb_column vc_column_container vc_col-sm-8\"><div class=\"vc_column-inner\"  style=\"\" data-animation=\"none\" data-delay=\"\"><div class=\"wpb_wrapper\">\n\t<div class=\"wpb_video_widget wpb_content_element vc_clearfix   vc_video-aspect-ratio-169 vc_video-el-width-100 vc_video-align-left\" >\n\t\t<div class=\"wpb_wrapper\">\n\t\t\t\n\t\t\t<div class=\"wpb_video_wrapper\"><iframe loading=\"lazy\" title=\"T\u00c1 NA MESA\" width=\"940\" height=\"529\" src=\"https:\/\/www.youtube.com\/embed\/tNxjscSBGvQ?feature=oembed\" frameborder=\"0\" allow=\"accelerometer; autoplay; clipboard-write; encrypted-media; gyroscope; picture-in-picture; web-share\" referrerpolicy=\"strict-origin-when-cross-origin\" allowfullscreen><\/iframe><\/div>\n\t\t<\/div>\n\t<\/div>\n<\/div><\/div><\/div><div class=\"wpb_column column_container wpb_column vc_column_container vc_col-sm-2\"><div class=\"vc_column-inner\"  style=\"\" data-animation=\"none\" data-delay=\"\"><div class=\"wpb_wrapper\"><\/div><\/div><\/div><\/div><\/div><\/div>","protected":false},"excerpt":{"rendered":"ReleaseT\u00e1 na Mesa, o novo espet\u00e1culo do Grupo Matula Teatro, desloca a mesa de seu lugar tradicional, refletindo sobre o ato de comer ao longo dos tempos. A trama, que parte do olhar feminino, expande as quest\u00f5es de g\u00eanero, abordando as formas de produ\u00e7\u00e3o do alimento, a sobrecarga da terra, o desperd\u00edcio, as desigualdades sociais, [...]","protected":false},"author":2,"featured_media":0,"parent":0,"menu_order":0,"comment_status":"closed","ping_status":"closed","template":"","meta":{"footnotes":""},"class_list":["post-10252","page","type-page","status-publish","hentry"],"_links":{"self":[{"href":"https:\/\/grupomatulateatro.com\/es\/wp-json\/wp\/v2\/pages\/10252","targetHints":{"allow":["GET"]}}],"collection":[{"href":"https:\/\/grupomatulateatro.com\/es\/wp-json\/wp\/v2\/pages"}],"about":[{"href":"https:\/\/grupomatulateatro.com\/es\/wp-json\/wp\/v2\/types\/page"}],"author":[{"embeddable":true,"href":"https:\/\/grupomatulateatro.com\/es\/wp-json\/wp\/v2\/users\/2"}],"replies":[{"embeddable":true,"href":"https:\/\/grupomatulateatro.com\/es\/wp-json\/wp\/v2\/comments?post=10252"}],"version-history":[{"count":21,"href":"https:\/\/grupomatulateatro.com\/es\/wp-json\/wp\/v2\/pages\/10252\/revisions"}],"predecessor-version":[{"id":10502,"href":"https:\/\/grupomatulateatro.com\/es\/wp-json\/wp\/v2\/pages\/10252\/revisions\/10502"}],"wp:attachment":[{"href":"https:\/\/grupomatulateatro.com\/es\/wp-json\/wp\/v2\/media?parent=10252"}],"curies":[{"name":"wp","href":"https:\/\/api.w.org\/{rel}","templated":true}]}}

Tá na Mesa

<div id="fws_69f22ad60a136" class="wpb_row vc_row vc_row-fluid  animate_onoffset row-dynamic-el standard_section    normal"  style="background-color: #ffffff; "><div  style="position: absolute;top: 0;"></div><div class="container  dark"><div class="section_clear"><div class="wpb_column column_container wpb_column vc_column_container vc_col-sm-12"><div class="vc_column-inner"  style="" data-animation="none" data-delay=""><div class="wpb_wrapper"><div class="wpb_content_element block_title section_title inner-square"><span class="divider"><span class="line"></span></span><h1>MATERIAL DE DIVULGACIÓN</h1><p style="padding:0 ;">Tá na Mesa, o novo espetáculo do Grupo Matula Teatro, desloca a mesa de seu lugar tradicional, refletindo sobre o ato de comer ao longo dos tempos. A trama, que parte do olhar feminino, expande as questões de gênero, abordando as formas de produção do alimento, a sobrecarga da terra, o desperdício, as desigualdades sociais, ao mesmo tempo que dividem espaço com o prazer de se alimentar, as receitas, os temperos e as memórias afetivas.</p></div>
	<div class="wpb_text_column wpb_content_element">
		<div class="wpb_wrapper">
			<p style="text-align: center;">Pensada para espaços alternativos, a peça tem uma estrutura de diversas cenas que, de forma divertida e poética, buscam se comunicar tanto com os transeuntes interessados, quanto com as famílias e público especializado. Essa comunicação também é facilitada pelo cenário que foi construído a partir de objetos de cozinha que ganham funções variadas e se ressignificam ao longo dos quadros. A trilha sonora reforça essa diversidade de ambientes e colabora na materialidade de imagens invisíveis, transitando entre delicadeza e comicidade.</p>
<p style="text-align: center;">Em sua jornada, a protagonista Luzia passeia por um tempo/espaço lúdico presenciando diversas situações à mesa até encontrar a fome: diante da fome, Luzia pára. O aumento da fome e da insegurança alimentar no Brasil tornaram urgente olhar para os processos que envolvem a trajetória do alimento e nos levam à questão que motivou o trabalho: &#8220;Afinal, o que está na mesa?&#8221;</p>

		</div> 
	</div> </div></div></div></div></div></div><div id="fws_69f22ad60b9da" class="wpb_row vc_row vc_row-fluid  animate_onoffset row-dynamic-el section-style  .novo  normal"  style="background-image: url(https://grupomatulateatro.com/wp-content/uploads/2023/08/cabecalho04-1.png); background-position: left top; background-repeat: no-repeat; background-size: cover; "><div id=".novo" style="position: absolute;top: 0;"></div><div class="container  dark"><div class="section_clear"><div class="wpb_column column_container wpb_column vc_column_container vc_col-sm-12"><div class="vc_column-inner vc_custom_1691866191015"  style="" data-animation="none" data-delay=""><div class="wpb_wrapper"><div class="vc_empty_space"   style="height: 500px"><span class="vc_empty_space_inner"></span></div></div></div></div></div></div></div><div id="fws_69f22ad60c30b" class="wpb_row vc_row vc_row-fluid  animate_onoffset row-dynamic-el standard_section    normal"  style="background-color: #a06995; padding-top: 50px ; padding-bottom: 30px ; "><div  style="position: absolute;top: 0;"></div><div class="container  dark"><div class="section_clear"><div class="wpb_column column_container wpb_column vc_column_container vc_col-sm-6"><div class="vc_column-inner"  style=" color: #ffffff;" data-animation="none" data-delay=""><div class="wpb_wrapper">
	<div class="wpb_text_column wpb_content_element">
		<div class="wpb_wrapper">
			<p style="text-align: justify;">SINOPSIS</p>
<p style="text-align: justify;">Tá na Mesa traz a trajetória de Luzia que, inspirada por um sonho, sai de casa para observar os costumes à mesa. Em seu percurso &#8211; que pode durar séculos ou apenas um dia &#8211; ela passa por diversas situações que evidenciam os processos que envolvem o ato de se alimentar: questões sociais, políticas, qualidade e origem dos alimentos.</p>

		</div> 
	</div> </div></div></div><div class="wpb_column column_container wpb_column vc_column_container vc_col-sm-3"><div class="vc_column-inner"  style=" color: #ffffff;" data-animation="none" data-delay=""><div class="wpb_wrapper">
	<div class="wpb_text_column wpb_content_element">
		<div class="wpb_wrapper">
			<p>ESPECIFICACIONES TÉCNICAS</p>
<p>Intérpretes: Alice Possani y Erika Cunha</p>
<p>Direção e dramaturgia: Isis Madi</p>
<p>Direção de arte: Erika Cunha</p>
<p>Trilha Sonora: Esteban Alvarez</p>
<p>Operação de Som: Maíra Prates</p>
<p>Cenografia e adereços: Érico Daminelli</p>

		</div> 
	</div> </div></div></div><div class="wpb_column column_container wpb_column vc_column_container vc_col-sm-3"><div class="vc_column-inner"  style=" color: #ffffff;" data-animation="none" data-delay=""><div class="wpb_wrapper">
	<div class="wpb_text_column wpb_content_element">
		<div class="wpb_wrapper">
			<p>Figurino: Anna Kuhll e Erika Cunha</p>
<p>Identidade Visual: Maurício Oliveira</p>
<p>Captação de imagem e edição: Gabi Perissinotto, Marcel Vecchia e Dalton Yatanabe</p>
<p>Produção Audiovisual: Gama Audiovisual</p>
<p>Idealização, produção e realização: Grupo Matula Teatro</p>
<p>Colaborações artísticas: Dudu Ferraz, Pâmela Vilanova, Carolina Baraglio, Arturo Cussen, Aline Barbosa.</p>

		</div> 
	</div> </div></div></div></div></div></div><div id="fws_69f22ad60d2e4" class="wpb_row vc_row vc_row-fluid  animate_onoffset row-dynamic-el standard_section    normal"  style=""><div  style="position: absolute;top: 0;"></div><div class="container  dark"><div class="section_clear"><div class="wpb_column column_container centered_col wpb_column vc_column_container vc_col-sm-12"><div class="vc_column-inner"  style="" data-animation="none" data-delay=""><div class="wpb_wrapper">
<div class="vc_grid-container-wrapper vc_clearfix vc_grid-animation-fadeIn">
	<div class="vc_grid-container vc_clearfix wpb_content_element vc_media_grid" data-initial-loading-animation="fadeIn" data-vc-grid-settings="{&quot;page_id&quot;:10252,&quot;style&quot;:&quot;all&quot;,&quot;action&quot;:&quot;vc_get_vc_grid_data&quot;,&quot;shortcode_id&quot;:&quot;1770298588473-3136d6e1-2791-9&quot;,&quot;tag&quot;:&quot;vc_media_grid&quot;}" data-vc-request="https://grupomatulateatro.com/wp-admin/admin-ajax.php" data-vc-post-id="10252" data-vc-public-nonce="7f4663c533">
		
	</div>
</div></div></div></div></div></div></div><div id="fws_69f22ad60e063" class="wpb_row vc_row vc_row-fluid  animate_onoffset row-dynamic-el standard_section    normal"  style=""><div  style="position: absolute;top: 0;"></div><div class="container  dark"><div class="section_clear"><div class="wpb_column column_container wpb_column vc_column_container vc_col-sm-12"><div class="vc_column-inner"  style="" data-animation="none" data-delay=""><div class="wpb_wrapper">
	<div class="wpb_text_column wpb_content_element">
		<div class="wpb_wrapper">
			<h2 style="text-align: center;">Tá na Mesa</h2>
<p style="text-align: center;">Espetáculo para espaço alternativo/rua do Grupo Matula Teatro. Com direção e dramaturgia inédita de Ísis Madi e trilha sonora original de Esteban Alvarez, estreou em julho de 2023, na Arena do Sesc Campinas.</p>

		</div> 
	</div> 
	<div class="wpb_text_column wpb_content_element">
		<div class="wpb_wrapper">
			<h2 style="text-align: center;">Sobre Ísis Madi, diretora e dramaturga</h2>
<p style="text-align: center;">Isis Madi &#8211; atriz, contadora de histórias e arte educadora, se interessa pela construção da narrativa em cena desde sua formação. Bacharel em Artes Cênicas pela Unicamp, se especializou em Narração de Histórias pela Casa Tombada e é mestranda da Faculdade de Educação da Usp.</p>
<p style="text-align: center;">É criadora de intervenções cênicas e peças de teatro, entre as quais estão: Do Barro de Manoel, inspirada no universo de Manoel de Barros; Ana-me, inspirado em Clarice Lispector, Celebração da Realidade, em Eduardo Galeano; além de Contos de Papel e diversas narrações de História.</p>

		</div> 
	</div> </div></div></div></div></div></div><div id="fws_69f22ad60e84f" class="wpb_row vc_row vc_row-fluid  animate_onoffset row-dynamic-el standard_section    normal"  style=""><div  style="position: absolute;top: 0;"></div><div class="container  dark"><div class="section_clear"><div class="wpb_column column_container wpb_column vc_column_container vc_col-sm-2"><div class="vc_column-inner"  style="" data-animation="none" data-delay=""><div class="wpb_wrapper"></div></div></div><div class="wpb_column column_container wpb_column vc_column_container vc_col-sm-8"><div class="vc_column-inner"  style="" data-animation="none" data-delay=""><div class="wpb_wrapper">
	<div class="wpb_video_widget wpb_content_element vc_clearfix   vc_video-aspect-ratio-169 vc_video-el-width-100 vc_video-align-left" >
		<div class="wpb_wrapper">
			
			<div class="wpb_video_wrapper"><iframe loading="lazy" title="TÁ NA MESA" width="940" height="529" src="https://www.youtube.com/embed/tNxjscSBGvQ?feature=oembed" frameborder="0" allow="accelerometer; autoplay; clipboard-write; encrypted-media; gyroscope; picture-in-picture; web-share" referrerpolicy="strict-origin-when-cross-origin" allowfullscreen></iframe></div>
		</div>
	</div>
</div></div></div><div class="wpb_column column_container wpb_column vc_column_container vc_col-sm-2"><div class="vc_column-inner"  style="" data-animation="none" data-delay=""><div class="wpb_wrapper"></div></div></div></div></div></div>

ReleaseTá na Mesa, o novo espetáculo do Grupo Matula Teatro, desloca a mesa de seu lugar tradicional, refletindo sobre o ato de comer ao longo dos tempos. A trama, que parte do olhar feminino, expande as questões de gênero, abordando as formas de produção do alimento, a sobrecarga da terra, o desperdício, as desigualdades sociais, [...]
